{"id":34,"date":"2015-02-10T13:46:17","date_gmt":"2015-02-10T13:46:17","guid":{"rendered":"http:\/\/topeni.allcomp.cz\/wp\/?page_id=34"},"modified":"2019-11-04T07:08:56","modified_gmt":"2019-11-04T07:08:56","slug":"rd-5-netvorice","status":"publish","type":"page","link":"http:\/\/topeni.allcomp.cz\/?page_id=34","title":{"rendered":"Netvo\u0159ice 3 &#8211; 12 kW \/ 3-F"},"content":{"rendered":"<h2>Rodinn\u00fd d\u016fm &#8211; Netvo\u0159ice<\/h2>\n<p><iframe loading=\"lazy\" src=\"http:\/\/topeni.allcomp.cz\/rpi_aktualni_teploty.php?domecek=7004\" width=\"679\" height=\"330\" frameborder=\"0\" scrolling=\"NO\" align=\"middle\"><\/iframe><\/p>\n<h3>Provozn\u00ed n\u00e1klady<\/h3>\n<p>Objekt je vybaven tepeln\u00fdm \u010derpadlem od listopadu 2013.<\/p>\n<p>Elekt\u0159ina je odeb\u00edr\u00e1na od \u010cEZ s domovn\u00ed sazbou D45d a v roce 2013 za cenu 2.81,- K\u010d za kWh.<\/p>\n<p>M\u016f\u017eete i vy pr\u016fb\u011b\u017en\u011b sledovat provoz tohoto \u010derpadla. Provozn\u00ed n\u00e1klady jsou v\u017edy objektivn\u00ed a\u017e na konci topn\u00e9 sez\u00f3ny.<\/p>\n<table style=\"width: 600px; font-size: 0.7em;\" border=\"1\" align=\"center\">\n<thead>\n<tr>\n<td style=\"text-align: center;\" rowspan=\"2\" align=\"center\">Typ vyt\u00e1p\u011bn\u00ed \/ topn\u00e1 sez\u00f3na<\/td>\n<td style=\"text-align: center;\" colspan=\"2\" align=\"center\">Spot\u0159eba v kWh<\/td>\n<td style=\"text-align: center;\" rowspan=\"2\">CZK<\/td>\n<\/tr>\n<tr>\n<td style=\"text-align: center;\" align=\"center\">UT<\/td>\n<td style=\"text-align: center;\" align=\"center\">TUV<\/td>\n<\/tr>\n<\/thead>\n<tbody>\n<tr>\n<td style=\"text-align: center;\">Tepeln\u00e9 \u010derpadlo 12kW\u00a0 \/\u00a0 2013 &#8211; 14<\/td>\n<td style=\"text-align: center;\">4 698,8<\/td>\n<td style=\"text-align: center;\">0<\/td>\n<td style=\"text-align: center;\">13 204,-<\/td>\n<\/tr>\n<tr>\n<td style=\"text-align: center;\">Tepeln\u00e9 \u010derpadlo 12kW \/ 2014 &#8211; 15<\/td>\n<td style=\"text-align: center;\">4 003,3<\/td>\n<td style=\"text-align: center;\">0<\/td>\n<td style=\"text-align: center;\">11 249,-<\/td>\n<\/tr>\n<\/tbody>\n<\/table>\n<h3><\/h3>\n<p>&nbsp;<\/p>\n<h3>Statistick\u00e9 \u00fadaje posledn\u00ed topn\u00e9 sez\u00f3ny<\/h3>\n<p><iframe loading=\"lazy\" src=\"http:\/\/topeni.allcomp.cz\/rpi_prumer.php?domecek=7004\" width=\"679\" height=\"430\" frameborder=\"0\" scrolling=\"NO\" align=\"middle\"><\/iframe><\/p>\n<h3>Grafy &#8211; p\u0159\u00edstupn\u00e9 od 16.9.2013<\/h3>\n<p><iframe loading=\"lazy\" src=\"http:\/\/topeni.allcomp.cz\/rpi_graf.php?domecek=7004\" width=\"679\" height=\"990\" frameborder=\"0\" scrolling=\"NO\" align=\"middle\"><\/iframe><\/p>\n","protected":false},"excerpt":{"rendered":"<p>Rodinn\u00fd d\u016fm &#8211; Netvo\u0159ice Provozn\u00ed n\u00e1klady Objekt je vybaven tepeln\u00fdm \u010derpadlem od listopadu 2013. Elekt\u0159ina je odeb\u00edr\u00e1na od \u010cEZ s domovn\u00ed sazbou D45d a v roce 2013 za cenu 2.81,- K\u010d za kWh. M\u016f\u017eete i vy pr\u016fb\u011b\u017en\u011b sledovat provoz tohoto \u010derpadla. Provozn\u00ed n\u00e1klady jsou v\u017edy objektivn\u00ed a\u017e na konci topn\u00e9 sez\u00f3ny. Typ vyt\u00e1p\u011bn\u00ed \/ topn\u00e1 [&hellip;]<\/p>\n","protected":false},"author":1,"featured_media":0,"parent":0,"menu_order":0,"comment_status":"closed","ping_status":"closed","template":"","meta":[],"_links":{"self":[{"href":"http:\/\/topeni.allcomp.cz\/index.php?rest_route=\/wp\/v2\/pages\/34"}],"collection":[{"href":"http:\/\/topeni.allcomp.cz\/index.php?rest_route=\/wp\/v2\/pages"}],"about":[{"href":"http:\/\/topeni.allcomp.cz\/index.php?rest_route=\/wp\/v2\/types\/page"}],"author":[{"embeddable":true,"href":"http:\/\/topeni.allcomp.cz\/index.php?rest_route=\/wp\/v2\/users\/1"}],"replies":[{"embeddable":true,"href":"http:\/\/topeni.allcomp.cz\/index.php?rest_route=%2Fwp%2Fv2%2Fcomments&post=34"}],"version-history":[{"count":12,"href":"http:\/\/topeni.allcomp.cz\/index.php?rest_route=\/wp\/v2\/pages\/34\/revisions"}],"predecessor-version":[{"id":403,"href":"http:\/\/topeni.allcomp.cz\/index.php?rest_route=\/wp\/v2\/pages\/34\/revisions\/403"}],"wp:attachment":[{"href":"http:\/\/topeni.allcomp.cz\/index.php?rest_route=%2Fwp%2Fv2%2Fmedia&parent=34"}],"curies":[{"name":"wp","href":"https:\/\/api.w.org\/{rel}","templated":true}]}}

Netvořice 3 &#8211; 12 kW / 3-F

<h2>Rodinný dům &#8211; Netvořice</h2>
<p><iframe loading="lazy" src="http://topeni.allcomp.cz/rpi_aktualni_teploty.php?domecek=7004" width="679" height="330" frameborder="0" scrolling="NO" align="middle"></iframe></p>
<h3>Provozní náklady</h3>
<p>Objekt je vybaven tepelným čerpadlem od listopadu 2013.</p>
<p>Elektřina je odebírána od ČEZ s domovní sazbou D45d a v roce 2013 za cenu 2.81,- Kč za kWh.</p>
<p>Můžete i vy průběžně sledovat provoz tohoto čerpadla. Provozní náklady jsou vždy objektivní až na konci topné sezóny.</p>
<table style="width: 600px; font-size: 0.7em;" border="1" align="center">
<thead>
<tr>
<td style="text-align: center;" rowspan="2" align="center">Typ vytápění / topná sezóna</td>
<td style="text-align: center;" colspan="2" align="center">Spotřeba v kWh</td>
<td style="text-align: center;" rowspan="2">CZK</td>
</tr>
<tr>
<td style="text-align: center;" align="center">UT</td>
<td style="text-align: center;" align="center">TUV</td>
</tr>
</thead>
<tbody>
<tr>
<td style="text-align: center;">Tepelné čerpadlo 12kW  /  2013 &#8211; 14</td>
<td style="text-align: center;">4 698,8</td>
<td style="text-align: center;">0</td>
<td style="text-align: center;">13 204,-</td>
</tr>
<tr>
<td style="text-align: center;">Tepelné čerpadlo 12kW / 2014 &#8211; 15</td>
<td style="text-align: center;">4 003,3</td>
<td style="text-align: center;">0</td>
<td style="text-align: center;">11 249,-</td>
</tr>
</tbody>
</table>
<h3></h3>
<p>&nbsp;</p>
<h3>Statistické údaje poslední topné sezóny</h3>
<p><iframe loading="lazy" src="http://topeni.allcomp.cz/rpi_prumer.php?domecek=7004" width="679" height="430" frameborder="0" scrolling="NO" align="middle"></iframe></p>
<h3>Grafy &#8211; přístupné od 16.9.2013</h3>
<p><iframe loading="lazy" src="http://topeni.allcomp.cz/rpi_graf.php?domecek=7004" width="679" height="990" frameborder="0" scrolling="NO" align="middle"></iframe></p>

<p>Rodinný dům &#8211; Netvořice Provozní náklady Objekt je vybaven tepelným čerpadlem od listopadu 2013. Elektřina je odebírána od ČEZ s domovní sazbou D45d a v roce 2013 za cenu 2.81,- Kč za kWh. Můžete i vy průběžně sledovat provoz tohoto čerpadla. Provozní náklady jsou vždy objektivní až na konci topné sezóny. Typ vytápění / topná [&hellip;]</p>
